t t be 0/1 - ((-126)/3 + 9). What are the prime factors of -3 + 0/(-1) + t?
2, 3, 5
Suppose -3*b + 174873 = 3*n, -5*n - 26685 = -2*b + 89897. What are the prime factors of b?
71, 821
Suppose 0 = -3*j - 3, 5*j + 8492 = 70*p - 67*p. List the prime factors of p.
3, 23, 41
Let d(x) = -89*x + 44. Let w(l) = 18*l - 9. Let t(j) = 2*d(j) + 11*w(j). Let c(m) = -m**3 + 7*m**2 + 9*m. Let q be c(8). What are the prime factors of t(q)?
149
Suppose 0 = 4*f - 3*n - 12021, -12011 = -4*f - 3822*n + 3827*n. What are the prime factors of f?
3, 17, 59
Let x(c) = -7*c**2 - 2*c + 1676. List the prime factors of x(0).
2, 419
Let w(o) = -10*o + 118. Let v be w(-8). Let h = v - 65. What are the prime factors of h?
7, 19
Suppose -3*s + 33678 = -2*x - 30568, 0 = 3*x - 3. List the prime factors of s.
2, 2677
Let r = -11 + 11. Let d = r + 3. Suppose 0 = 5*t + d*b - 39 - 41, 2*t = b + 32. List the prime factors of t.
2
Suppose -55*o + 6 = -53*o. Suppose -o*b + 12 - 2 = x, -x + 6 = b. Let f = x + 84. List the prime factors of f.
2, 11
Let g be (14/4 + -2)/((-1)/(-2)). Suppose -g*h + 62 = -241. Let k = h - -43. List the prime factors of k.
2, 3
Suppose 2*c = -3*f - 37, -c + 2*c - 2*f + 29 = 0. Let s be (-150)/4*(3 + c/5). Suppose -5 = 2*l + 5*i, -i = -4*l + 3*i + s. What are the prime factors of l?
2, 5
Let m = -32 - -47. Suppose 5*z + 697 = 2*r, -m*r + 16*r = 2*z + 346. What are the prime factors of r?
2, 3, 7
Suppose 12*n - 17*n + 8 = 4*j, -2*n + 5*j = -23. Suppose -5*x + 26 = 2*b, -n*x = 3*b - 2*b - 16. What are the prime factors of b?
2
Let q(p) = 39*p + 29. Let m be q(-1). Let u(b) = b**2 + b + 95. List the prime factors of u(m).
5, 37
Let q(f) be the second derivative of 2*f**3/3 - 33*f**2 - 38*f. Let s be q(19). Suppose 1001 = s*i + 3*i. List the prime factors of i.
7, 11
Let f = 108 + -100. What are the prime factors of (-1497)/(-6) + ((-60)/f)/(-5)?
251
Let w = 39 - 28. Let m(s) = 8 - 6*s - 2*s**3 - s + 15*s + w*s**2 + 3*s**3. List the prime factors of m(-5).
2, 59
Let r = -2 - 2. Let f be -6*(-2)/r*(-76)/(-3). Let z = f + 107. List the prime factors of z.
31
Suppose 3*x + 4*c = -232, 3*x + c = 5*c - 224. Let a = x - -83. Let b = 88 + a. What are the prime factors of b?
5, 19
Let u = -1256 - -1908. Suppose i + i = 4*l - 652, 4*l + 4*i - u = 0. What are the prime factors of l?
163
Let b(v) = 9 + 2*v**3 - v**3 + 6*v**2 - 102*v + 92*v. Let j be b(-7). Let q = j + 92. What are the prime factors of q?
2, 61
Suppose k - 2*x - 696 = 5*k, 2*k - 5*x + 348 = 0. Let y = k - -1015. List the prime factors of y.
29
What are the prime factors of (7 - 25/10*4) + 4333?
2, 5, 433
What are the prime factors of 30/165 + (0 - (-965739)/33)?
3, 5, 1951
Let n be (-10)/(-6) + (-13)/(-39). Suppose 4*x - 3*f - 2*f = 460, 115 = x - n*f. What are the prime factors of x?
5, 23
What are the prime factors of ((-125640)/(-85) - -1) + (-22)/187?
3, 17, 29
Suppose n - 34391 = y, 3*n - 392*y - 103163 = -387*y. List the prime factors of n.
2, 8599
Let l = 207 - 359. Let c = l + 579. List the prime factors of c.
7, 61
Let y(z) = -424*z - 2. Let p = -304 - -303. List the prime factors of y(p).
2, 211
Let p = 491 + -227. Suppose 5*g - p = -249. What are the prime factors of 5 + -4 + g - (1 - 231)?
2, 3, 13
Let h = 2586 + 7634. List the prime factors of h.
2, 5, 7, 73
Suppose -3*r - 2*w = -20, 0*w - 4*w = 4*r - 20. Suppose -5*c + 5*h = -r, 0 = -c - 4*c - 3*h + 26. What are the prime factors of ((-34)/10 + c)*125?
3, 5
Let o(u) = u**3 + 8*u**2 + 6*u. Let k be o(-7). Let d(w) = w**3 - 2*w**2 + 2*w + 25. Let v be d(k). Let g = v - 71. What are the prime factors of g?
3, 71
Let z(o) = o**3 - 8*o**2 + 7*o - 2. Let v be z(7). Let r be 2/(-6)*(-217 + v). Suppose 2*i + 5*w = -2*i + 71, 5*w = 2*i - r. What are the prime factors of i?
2, 3
Suppose -4*y + 183 = 171. Suppose 2*m + 3*m = 0. Suppose 0 = y*r - r + 2, -4*a + 5*r + 409 = m. List the prime factors of a.
101
Let a = -2552 + 6795. Suppose 1825 = k + 4*i, 4*k - 2992 - a = -3*i. What are the prime factors of k?
5, 19
List the prime factors of (-10 + (-39)/12)/((-28)/96)*945.
2, 3, 5, 53
Suppose 0 = -75*a + 48*a + 2091744. List the prime factors of a.
2, 3, 269
What are the prime factors of 10461486/294 + 12/(-42)?
3, 29, 409
Let c(b) = -b**3 - 50*b**2 + 91*b + 236. List the prime factors of c(-52).
2, 3, 19
Let x(b) = 3*b + 10 - 38 - 23. Let o be x(31). List the prime factors of 2 + (-12)/o + 4290/21.
2, 103
Let p = -55 + 199. Suppose 252*w - 256*w = -p. List the prime factors of w.
2, 3
Suppose 4*s - f - 28465 = 0, -5*f + 2*f = 3*s - 21345. List the prime factors of s.
2, 3, 593
Suppose 26136 = -32*c + 5*c. Let f = c + 1604. What are the prime factors of f?
2, 3, 53
Let s be (-64)/(-80)*10/(-4). List the prime factors of s/5 + 522/(-145) + 98.
2, 47
Let n(b) = -6*b**3 + 290*b**2 - 22*b - 90. What are the prime factors of n(46)?
2, 13, 1097
Let u(m) = -3*m + 1. Let v be u(1). Suppose 0 = k + q - 13, 5*k = 12*q - 16*q + 64. List the prime factors of (v + -306)*(-6)/k.
2, 7, 11
Suppose -z - 5 = 3*w, -4*w - 35 + 7 = -4*z. Suppose z*f + b = -1, -2*b + 17 = -2*f + 3*b. What are the prime factors of (-5110)/(-40) - f/4?
2
Let x(h) = h - 1. Let c(q) = -q**3 + 7*q**2 + 11*q - 10. Let m(n) = c(n) - x(n). List the prime factors of m(8).
7
Suppose 459766 - 117172 = 42*h. What are the prime factors of h?
3, 2719
Let k(f) = -2*f + 2. Let u be k(3). Let t(r) be the second derivative of -r**5/20 - r**4/6 + 4*r**2 + 31*r - 1. What are the prime factors of t(u)?
2, 5
Suppose 0 = 7*k - 21 - 21. What are the prime factors of 2298/4*(-2 + 16/k)?
383
Let g be ((-9)/2 - -5)*4. Let w be -1*(-40)/5*g. Suppose w*q - 1919 = -559. What are the prime factors of q?
5, 17
Let y(o) = -2*o**3 - 3*o**2 + 7*o + 18. Suppose 4*h + 4 = -2*m + 3*h, h - 2 = 0. List the prime factors of y(m).
2, 3
Let j(g) be the third derivative of -g**6/120 - g**5/6 - 5*g**4/24 - 2*g**3/3 + 65*g**2. List the prime factors of j(-14).
2, 5, 17
Suppose 15*k - 89 - 76 = 0. List the prime factors of (11 + k)/(1/41).
2, 11, 41
Suppose 11*l + 14*b = 12*b + 579436, 0 = -3*l + 5*b + 158028. List the prime factors of l.
2, 13, 1013
Suppose 3*w + 87*g - 82*g - 25781 = 0, -34372 = -4*w - 4*g. What are the prime factors of w?
2, 3, 179
Let m(r) = -r**2 - 245*r + 16615. What are the prime factors of m(0)?
5, 3323
List the prime factors of (-28)/(1/((-339)/(-3)*-2)).
2, 7, 113
Suppose 0 = -l - 7*l. Suppose l = -4*h + 675 + 525. List the prime factors of h.
2, 3, 5
Let x be -211 + ((-18)/(-27))/(1/(-6)). Suppose 0*a - 3*a + 921 = 0. Let w = a + x. List the prime factors of w.
2, 23
Let g(k) = -25781*k + 7804. What are the prime factors of g(-3)?
85147
Let s = -38092 - -72526. What are the prime factors of s?
2, 3, 1913
Let k(z) = -3 + 84*z**2 + 16*z**2 + 14 + 5 - 7*z. What are the prime factors of k(2)?
2, 3, 67
Let y = 55563 + -36209. What are the prime factors of y?
2, 9677
Suppose -6*i + 24 = -2*i. Suppose 4*j + q - i*q - 376 = 0, 2*q = -2*j + 170. Let x = 57 + j. List the prime factors of x.
2, 73
Let c be (-666)/(-21) + (-6)/(-21). Let g = 54 + -100. Let d = c - g. List the prime factors of d.
2, 3, 13
Suppose -i - 63 = -0*i. Let v be ((-6)/i*7)/((-2)/(-126)). Suppose 116 + v = a. List the prime factors of a.
2, 79
Let i(c) be the third derivative of c**4/24 + 4*c**3/3 - 10*c**2. Let y be i(-9). List the prime factors of ((-1)/2 - y)*142.
71
Let c = 2583 - 1446. Suppose -2*r = 3*k - c, -2810 = -5*r - 2*k + k. List the prime factors of r.
3, 11, 17
Suppose -1247 = -3*l + 5*h, 4*l + 6*h - 3*h = 1653. Suppose 2*s - 66 - l = 0. List the prime factors of s.
2, 3, 5
Let j(m) = m**3 - 8*m**2 - 31*m + 18. Let k be j(17). Suppose -2*o + k = 4*r, o = -3*r + 4*r + 1058. What are the prime factors of o?
2, 17, 31
Suppose 36*o - 61768 = 29*o. What are the prime factors of o?
2, 1103
Let d(r) = -2*r**3 - 2*r**2 + 8*r. Let v be d(-5). Let o = v - 109. What are the prime factors of o?
3, 17
Suppose -19*g - 14486 + 47241 = -31066. What are the prime factors of g?
3359
Suppose 22*a + 7660 = 26*a. Suppose -i - 7717 = -4*y, -y - 4*i = -9*i - a. List the prime factors of y.
2, 5, 193
Suppose -5*r + 12 = 7*s - 3*s, -3*r = 0. Suppose -s*x + 32 + 10 = 0. Let b = 6 + x. What are the prime factors of b?
2, 5
Suppose 4*g + f - 24837 = 0, -15*g = 